26.
22
Calculate the remainder when 37706 is divided by 11.
9
What is the remainder when 18292 is divided by 4547?
104
What is the remainder when 24419 is divided by 33?
32
What is the remainder when 11609 is divided by 17?
15
What is the remainder when 1410408 is divided by 29?
22
Calculate the remainder when 3030573 is divided by 456.
453
What is the remainder when 1916 is divided by 916?
84
Calculate the remainder when 95 is divided by 71.
24
Calculate the remainder when 359571 is divided by 5064.
27
What is the remainder when 9581 is divided by 4789?
3
Calculate the remainder when 74498 is divided by 29.
26
Calculate the remainder when 6938 is divided by 634.
598
What is the remainder when 1148 is divided by 33?
26
Calculate the remainder when 294268 is divided by 675.
643
What is the remainder when 2580 is divided by 830?
90
What is the remainder when 15890 is divided by 1035?
365
Calculate the remainder when 253676 is divided by 72.
20
What is the remainder when 74670 is divided by 488?
6
What is the remainder when 21706 is divided by 36?
34
What is the remainder when 3530 is divided by 142?
122
Calculate the remainder when 4796 is divided by 807.
761
What is the remainder when 16708 is divided by 643?
633
What is the remainder when 676 is divided by 33?
16
What is the remainder when 714 is divided by 195?
129
What is the remainder when 2347 is divided by 574?
51
Calculate the remainder when 3934 is divided by 127.
124
What is the remainder when 9351 is divided by 492?
3
Calculate the remainder when 6159213 is divided by 168.
165
What is the remainder when 40446 is divided by 256?
254
Calculate the remainder when 5919 is divided by 1944.
87
What is the remainder when 172841 is divided by 167?
163
What is the remainder when 262606 is divided by 49?
15
Calculate the remainder when 114287 is divided by 12.
11
Calculate the remainder when 775489 is divided by 32.
1
Calculate the remainder when 24013 is divided by 168.
157
Calculate the remainder when 51819 is divided by 4709.
20
Calculate the remainder when 2825 is divided by 38.
13
Calculate the remainder when 79830 is divided by 19955.
10
Calculate the remainder when 344418 is divided by 1016.
1010
What is the remainder when 20663 is divided by 10317?
29
Calculate the remainder when 148497 is divided by 125.
122
What is the remainder when 988 is divided by 966?
22
Calculate the remainder when 3999 is divided by 50.
49
Calculate the remainder when 7448 is divided by 1479.
53
Calculate the remainder when 299263 is divided by 24938.
7
What is the remainder when 9846 is divided by 3008?
822
Calculate the remainder when 25212 is divided by 5.
2
Calculate the remainder when 273247 is divided by 7590.
7
What is the remainder when 108591 is divided by 25?
16
What is the remainder when 38960 is divided by 2050?
10
What is the remainder when 50846 is divided by 224?
222
Calculate the remainder when 7213 is divided by 89.
4
Calculate the remainder when 10076 is divided by 2500.
76
Calculate the remainder when 5168 is divided by 2577.
14
What is the remainder when 246580 is divided by 8219?
10
Calculate the remainder when 2848 is divided by 718.
694
Calculate the remainder when 1828 is divided by 1535.
293
Calculate the remainder when 6742 is divided by 31.
15
Calculate the remainder when 2520 is divided by 378.
252
Calculate the remainder when 4354 is divided by 3185.
1169
What is the remainder when 11334 is divided by 270?
264
What is the remainder when 10737 is divided by 1843?
1522
Calculate the remainder when 2454 is divided by 103.
85
What is the remainder when 7301 is divided by 331?
19
What is the remainder when 17168 is divided by 49?
18
What is the remainder when 17664 is divided by 83?
68
What is the remainder when 8233 is divided by 21?
1
Calculate the remainder when 2267 is divided by 57.
44
Calculate the remainder when 4420 is divided by 723.
82
Calculate the remainder when 57671 is divided by 40.
31
Calculate the remainder when 20738 is divided by 34.
32
Calculate the remainder when 14479 is divided by 964.
19
Calculate the remainder when 22437 is divided by 71.
1
What is the remainder when 11927 is divided by 5948?
31
Calculate the remainder when 46943 is divided by 11733.
11
Calculate the remainder when 7873 is divided by 1144.
1009
What is the remainder when 4736 is divided by 1722?
1292
What is the remainder when 6532 is divided by 81?
52
Calculate the remainder when 41196 is divided by 20563.
70
Calculate the remainder when 36455 is divided by 12128.
71
Calculate the remainder when 1154 is divided by 740.
414
What is the remainder when 26305 is divided by 8765?
10
What is the remainder when 143927 is divided by 47?
13
What is the remainder when 43707 is divided by 8687?
272
Calculate the remainder when 1682125 is divided by 644.
641
What is the remainder when 123186 is divided by 17586?
84
Calculate the remainder when 1757 is divided by 92.
9
Calculate the remainder when 141787 is divided by 211.
206
What is the remainder when 111831 is divided by 77?
27
Calculate the remainder when 86727 is divided by 43356.
15
Calculate the remainder when 11920 is divided by 2383.
5
What is the remainder when 3188 is divided by 244?
16
Calculate the remainder when 32977 is divided by 468.
217
What is the remainder when 342315 is divided by 59?
56
Calculate the remainder when 22665 is divided by 1260.
1245
What is the remainder when 13535 is divided by 66?
5
What is the remainder when 90562 is divided by 22633?
30
What is the remainder when 2105 is divided by 1040?
25
What is the remainder when 70476 is divided by 140?
56
Calculate the remainder when 44054 is divided by 11003.
42
Calculate the remainder when 517064 is divided by 271.
267
Calculate the remainder when 5173114 is divided by 118.
112
What is the remainder when 601373 is divided by 33?
14
Calculate the remainder when 13515 is divided by 270.
15
Calculate the remainder when 65910 is divided by 794.
8
What is the remainder when 571768 is divided by 64?
56
What is the remainder when 81425 is divided by 331?
330
Calculate the remainder when 38903 is divided by 65.
33
Calculate the remainder when 25184 is divided by 1199.
5
Calculate the remainder when 7595 is divided by 58.
55
What is the remainder when 649230 is divided by 4?
2
What is the remainder when 471544 is divided by 1469?
1464
What is the remainder when 2828 is divided by 71?
59
What is the remainder when 903685 is divided by 34?
33
What is the remainder when 300925 is divided by 8?
5
Calculate the remainder when 13206 is divided by 128.
22
Calculate the remainder when 10349 is divided by 225.
224
What is the remainder when 1823 is divided by 342?
113
What is the remainder when 671 is divided by 159?
35
Calculate the remainder when 9325 is divided by 72.
37
Calculate the remainder when 1573 is divided by 486.
115
Calculate the remainder when 12827 is divided by 1282.
7
Calculate the remainder when 63386 is divided by 2185.
21
Calculate the remainder when 30232 is divided by 30208.
24
What is the remainder when 13615 is divided by 98?
91
Calculate the remainder when 9727 is divided by 540.
7
What is the remainder when 6270 is divided by 140?
110
Calculate the remainder when 1349 is divided by 54.
53
What is the remainder when 11484 is divided by 393?
87
What is the remainder when 42777 is divided by 4228?
497
What is the remainder when 34678 is divided by 17328?
22
Calculate the remainder when 6166 is divided by 35.
6
Calculate the remainder when 22560 is divided by 914.
624
Calculate the remainder when 509 is divided by 112.
61
What is the remainder when 8192 is divided by 3273?
1646
Calculate the remainder when 3724 is divided by 535.
514
Calculate the remainder when 4686 is divided by 30.
6
What is the remainder when 403 is divided by 358?
45
What is the remainder when 34345 is divided by 11444?
13
What is the remainder when 12153 is divided by 6073?
7
What is the remainder when 5334 is divided by 601?
526
Calculate the remainder when 8400 is divided by 271.
270
Calculate the remainder when 616 is divided by 288.
40
What is the remainder when 132996 is divided by 66483?
30
Calculate the remainder when 735978 is divided by 16.
10
Calculate the remainder when 1517848 is divi